mon divisor of 1876 and 2546.
134
What is the greatest common divisor of 210 and 102840?
30
What is the greatest common factor of 3344 and 1045?
209
Calculate the highest common factor of 1953 and 270909.
279
Calculate the greatest common factor of 588 and 79527.
147
What is the greatest common divisor of 11745 and 12615?
435
What is the highest common factor of 3960 and 968?
88
What is the highest common factor of 110038 and 74?
74
What is the greatest common factor of 32 and 24352?
32
What is the highest common divisor of 4669 and 26519?
23
Calculate the greatest common divisor of 631 and 180466.
631
Calculate the highest common factor of 2450 and 319382.
98
What is the highest common factor of 6416 and 960?
16
Calculate the greatest common factor of 40 and 7052000.
40
Calculate the greatest common divisor of 107092 and 4100.
164
Calculate the greatest common factor of 216640 and 2240.
320
Calculate the highest common divisor of 2912 and 83538.
182
Calculate the greatest common factor of 123762 and 6.
6
What is the greatest common factor of 304 and 376048?
304
Calculate the highest common divisor of 401610 and 210.
30
Calculate the greatest common factor of 176787 and 351.
117
What is the highest common divisor of 285 and 55461?
57
What is the highest common divisor of 5 and 1044985?
5
What is the highest common factor of 4491 and 36648?
9
What is the highest common factor of 603 and 957631?
67
What is the highest common factor of 154 and 520718?
22
What is the highest common factor of 62844 and 12?
12
Calculate the highest common divisor of 36 and 387270.
18
What is the greatest common divisor of 2484189 and 162?
81
Calculate the highest common divisor of 5142 and 150.
6
What is the highest common factor of 108 and 14892?
12
What is the greatest common factor of 1024237 and 3890?
389
What is the greatest common factor of 229362 and 23622?
762
Calculate the highest common factor of 52528 and 686.
98
Calculate the greatest common divisor of 266 and 1834.
14
Calculate the greatest common factor of 925803 and 102.
51
What is the highest common divisor of 835567 and 391?
391
What is the greatest common factor of 48 and 174588?
12
What is the greatest common divisor of 448 and 33754?
14
Calculate the greatest common divisor of 51 and 1105289.
17
Calculate the greatest common divisor of 258 and 37238.
86
Calculate the greatest common factor of 832 and 3871296.
832
What is the greatest common divisor of 44 and 4848734?
22
What is the greatest common factor of 6 and 58542?
6
Calculate the highest common divisor of 84 and 1119.
3
What is the greatest common divisor of 40 and 25430?
10
Calculate the greatest common divisor of 1296 and 783.
27
Calculate the greatest common divisor of 50660 and 323.
17
Calculate the highest common factor of 11099 and 9081.
1009
Calculate the greatest common factor of 10784 and 18198.
674
Calculate the greatest common divisor of 1121 and 95.
19
What is the greatest common divisor of 5506 and 2?
2
Calculate the greatest common divisor of 12 and 2026644.
12
What is the greatest common factor of 658 and 192512?
94
What is the greatest common divisor of 928 and 504484?
116
What is the greatest common factor of 777 and 51520?
7
What is the greatest common factor of 86436 and 4?
4
Calculate the greatest common divisor of 204 and 3437349.
51
Calculate the highest common factor of 207050 and 309550.
2050
What is the highest common divisor of 21 and 114947?
7
Calculate the greatest common divisor of 375 and 269500.
125
Calculate the greatest common divisor of 50666 and 1519.
49
What is the greatest common factor of 176778 and 180?
18
What is the highest common factor of 465 and 52170?
15
What is the highest common factor of 1386506 and 2926?
418
Calculate the highest common factor of 52 and 1934348.
52
Calculate the greatest common divisor of 2130 and 890.
10
What is the highest common factor of 13257 and 432?
27
What is the greatest common factor of 183764 and 56?
28
What is the highest common factor of 16910 and 380?
190
What is the highest common factor of 8542 and 4?
2
Calculate the highest common factor of 37464 and 36.
12
Calculate the highest common factor of 6324 and 72199.
527
Calculate the greatest common divisor of 180 and 101740.
20
Calculate the greatest common divisor of 27381 and 6.
3
Calculate the highest common divisor of 27222 and 18.
6
Calculate the greatest common divisor of 44 and 5620032.
44
What is the highest common factor of 8442 and 2613?
201
What is the greatest common factor of 462 and 258?
6
What is the greatest common divisor of 7456 and 9087?
233
What is the greatest common factor of 3556708 and 4?
4
What is the highest common divisor of 344326 and 428?
214
Calculate the greatest common factor of 19000 and 2090.
190
Calculate the highest common factor of 12221 and 341.
11
What is the highest common divisor of 24 and 2370324?
12
What is the highest common factor of 12974 and 2?
2
Calculate the highest common divisor of 290240 and 256.
64
What is the greatest common factor of 289912 and 62?
62
Calculate the highest common factor of 43530 and 60.
30
What is the greatest common factor of 1962304 and 64?
64
Calculate the highest common factor of 3558 and 2502.
6
Calculate the greatest common factor of 722215 and 3075.
205
Calculate the greatest common divisor of 169740 and 2916.
36
Calculate the highest common factor of 234 and 10590606.
234
What is the highest common factor of 1118000 and 104?
104
Calculate the highest common divisor of 39 and 365469.
39
Calculate the highest common divisor of 60053 and 46.
23
Calculate the highest common divisor of 17745 and 20.
5
What is the highest common factor of 238 and 1589602?
238
Calculate the highest common factor of 19756 and 220.
44
Calculate the greatest common factor of 30090 and 44545.
295
Calculate the highest common factor of 423 and 1143.
9
What is the greatest common factor of 46 and 150466?
46
What is the highest common factor of 141876 and 1260?
252
Calculate the greatest common factor of 14208 and 10848.
96
What is the highest common factor of 433272 and 168?
168
What is the greatest common factor of 307 and 1535?
307
Calculate the greatest common divisor of 1765 and 50479.
353
What is the greatest common factor of 85580 and 2035?
55
Calculate the highest common divisor of 198 and 9432.
18
What is the highest common factor of 50 and 2518?
2
What is the greatest common divisor of 1662 and 54?
6
Calculate the highest common divisor of 2761568 and 40.
8
What is the greatest common divisor of 5708807 and 65?
13
Calculate the greatest common factor of 23273 and 17.
17
What is the greatest common factor of 904 and 41132?
452
What is the greatest common divisor of 1052501 and 59?
59
Calculate the highest common factor of 4 and 2536.
4
What is the greatest common factor of 139860 and 17538?
222
What is the greatest common divisor of 210 and 179088?
42
Calculate the greatest common factor of 4640 and 670.
10
What is the greatest common factor of 39102 and 76?
38
What is the greatest common factor of 3663 and 12639?
33
What is the greatest common divisor of 1240 and 146180?
20
What is the highest common divisor of 2877 and 21098?
959
Calculate the highest common divisor of 277 and 2831771.
277
What is the highest common factor of 27778 and 3990?
38
Calculate the highest common factor of 306726 and 84.
42
Calculate the highest common factor of 40 and 1691240.
40
Calculate the greatest common factor of 1860 and 13175.
155
Calculate the highest common factor of 26 and 257582.
26
What is the greatest common factor of 130 and 1444196?
26
Calculate the greatest common factor of 90 and 27342.
18
Calculate the highest common divisor of 435 and 5307.
87
Calculate the greatest common divisor of 26192 and 416.
16
What is the highest common divisor of 24 and 45912?
24
Calculate the greatest common factor of 1117632 and 128.
64
Calculate the highest common factor of 4624 and 3736.
8
Calculate the greatest common factor of 5 and 3800.
5
What is the greatest common factor of 154139 and 34?
17
Calculate the highest common divisor of 13651 and 34529.
803
What is the greatest common factor of 2109 and 855?
57
Calculate the highest common factor of 1538686 and 188.
94
Wha